{"id":3592,"date":"2022-04-11T14:43:30","date_gmt":"2022-04-11T17:43:30","guid":{"rendered":"https:\/\/supermercadosarcoiris.com\/site\/?page_id=3592"},"modified":"2024-09-16T13:27:07","modified_gmt":"2024-09-16T16:27:07","slug":"reglamento-del-programa-de-beneficios-premium-plus","status":"publish","type":"page","link":"https:\/\/supermercadosarcoiris.com\/site\/reglamento-del-programa-de-beneficios-premium-plus\/","title":{"rendered":"Premium Plus"},"content":{"rendered":"\n<div class=\"wp-block-columns is-layout-flex wp-container-core-columns-is-layout-9d6595d7 wp-block-columns-is-layout-flex\">\n<div class=\"wp-block-column is-layout-flow wp-block-column-is-layout-flow\" style=\"flex-basis:100%\">\n<p>\u00a1Conoc\u00e9 nuestro nuevo portal de beneficios!\u00a0<em><strong> www.puntospremiumplus.com<\/strong><\/em><\/p>\n<p>No m\u00e1s tarjetas pl\u00e1sticas. Solamente dictando tu n\u00famero de DNI al momento de realizar las compras, acumul\u00e1s puntos para ganar premios imperidibles. \u00a1Sumate!<\/p>\n<p><a href=\"http:\/\/www.puntospremiumplus.com\"><img loading=\"lazy\" decoding=\"async\" class=\"wp-image-4185 aligncenter\" src=\"https:\/\/supermercadosarcoiris.com\/site\/wp-content\/uploads\/2024\/02\/WhatsApp-Image-2024-02-15-at-11.05.40-300x95.jpeg\" alt=\"\" width=\"1106\" height=\"350\" srcset=\"https:\/\/supermercadosarcoiris.com\/site\/wp-content\/uploads\/2024\/02\/WhatsApp-Image-2024-02-15-at-11.05.40-300x95.jpeg 300w, https:\/\/supermercadosarcoiris.com\/site\/wp-content\/uploads\/2024\/02\/WhatsApp-Image-2024-02-15-at-11.05.40-1024x324.jpeg 1024w, https:\/\/supermercadosarcoiris.com\/site\/wp-content\/uploads\/2024\/02\/WhatsApp-Image-2024-02-15-at-11.05.40-768x243.jpeg 768w, https:\/\/supermercadosarcoiris.com\/site\/wp-content\/uploads\/2024\/02\/WhatsApp-Image-2024-02-15-at-11.05.40-1536x486.jpeg 1536w, https:\/\/supermercadosarcoiris.com\/site\/wp-content\/uploads\/2024\/02\/WhatsApp-Image-2024-02-15-at-11.05.40.jpeg 1600w\" sizes=\"auto, (max-width: 1106px) 100vw, 1106px\" \/><\/a><\/p>\n<p><em><strong>T\u00e9rminos y Condiciones<\/strong><\/em><\/p>\n<p>El Programa Premium Plus, organizado por NUEVO PREMIUM S.A. (el \u201cOrganizador\u201d) permite a quien se asocie obtener distintos beneficios (en adelante denominados indistintamente \u201cBeneficios\u201d), a los que se accede a trav\u00e9s de puntos obtenidos por sus compras, realizadas: (i) En los Supermercados Arcoiris listados en el punto 12) G de este Reglamento.<\/p>\n<p>Las compras en los Comercios de Compras que habilitan a la obtenci\u00f3n de puntos son las efectuadas para consumo propio y del grupo familiar de los adquirentes. No otorgar\u00e1n derecho a puntos las compras de productos efectuadas en los Comercios de Compras para ser destinados a la reventa. Se presumir\u00e1, sin admitirse prueba en contrario, que las compras no son efectuadas para consumo propio y del grupo familiar de los adquirentes cuando tales adquirentes revistan, a los efectos del Impuesto al Valor Agregado, una categor\u00eda distinta a la de \u201cConsumidor Final\u201d.<\/p>\n<p>NUEVO PREMIUM S.A se reserva el derecho de variar los t\u00e9rminos y condiciones de este reglamento, como as\u00ed tambi\u00e9n los regalos especificados en el cat\u00e1logo de premios, en tanto fuera necesario, durante el desarrollo del programa, los que podr\u00e1n consistir inclusive en la modificaci\u00f3n del plazo de vigencia y validez de los puntos existentes o futuros.<\/p>\n<p>Para participar del Programa Premium Plus el interesado deber\u00e1 suscribirse mediante el formulario dispuesto por el Organizador para la adhesi\u00f3n al Programa, de modo f\u00edsico (en adelante indistintamente denominados tales formularios como la \u201cSolicitud Premium Plus\u201d). Contra la presentaci\u00f3n de la solicitud de adhesi\u00f3n, el Organizador le har\u00e1 entrega al solicitante de una tarjeta personal que le permitir\u00e1 acumular puntos en su cuenta, los que podr\u00e1n ser utilizados en las condiciones previstas en el presente Reglamento, sus modificaciones, anexos complementarios y circulares exhibidas en los Comercios de Compras. Las bases y condiciones de participaci\u00f3n se detallan seguidamente:<\/p>\n<p><strong>1)\u00a0 Qui\u00e9nes pueden acreditarse como socios participantes.<\/strong><\/p>\n<ol>\n<li>Toda persona humana mayor de dieciocho (18) a\u00f1os que complete y entregue la solicitud de adhesi\u00f3n al Programa en cualquier local de Arcoiris de la Rep\u00fablica Argentina y complete la solicitud de adhesi\u00f3n al Programa.<\/li>\n<\/ol>\n<p><strong>2)\u00a0 Mecanismos para la acumulaci\u00f3n de puntos.<\/strong><\/p>\n<ol>\n<li>Cada compra que un Adherente realice en cualquiera de los Comercios y generar\u00e1 una cantidad de puntos, los que estar\u00e1n en relaci\u00f3n con el producto adquirido, el monto facturado, la fecha de la operaci\u00f3n y de las dem\u00e1s circunstancias establecidas de tiempo en tiempo por el Organizador, que ser\u00e1n acreditados en la cuenta del Socio Titular.<\/li>\n<li>La cuenta comenzar\u00e1 a acumular puntos una vez que el Socio Titular haya recibido su credencial que lo\/s acredite como participante del Programa Premium Plus y adquiera productos en cualquiera de los Comercios de Supermercados Arcoiris.<\/li>\n<li>En ning\u00fan caso los puntos acumulados en una cuenta podr\u00e1n ser transferidos a otra.<\/li>\n<li>Si por alguna circunstancia un Adherente del Programa Premium Plus \u00a0devolviese mercader\u00eda a un Comercio de Compra y se le reintegrara el importe abonado por la misma, los puntos acumulados al momento de la compra ser\u00e1n descontados de la cuenta del Socio Titular, ateni\u00e9ndose a las promociones vigentes al d\u00eda de efectuada la devoluci\u00f3n.<\/li>\n<li>A partir del 15 de Agosto de 2018 se ha extendido la posibilidad de acumular puntos en el Programa Premium Plus a las compras realizadas en las sucursales de Supermercados Arco Iris que se enumeran en el punto 12) G de este Reglamento (a partir del 01\/09\/2018, tambi\u00e9n \u201c<u>Comercio<\/u>\/s\u201d).<\/li>\n<\/ol>\n<p><strong>3)\u00a0 Vigencia de la acumulaci\u00f3n de puntos.<\/strong><\/p>\n<ol>\n<li>Si trascurrieran cuatro (4) meses seguidos sin que un Adherente realice compras en cualquiera de los Comercios y sume puntos en su cuenta, caducar\u00e1 la totalidad del saldo de puntos de dicho Adherente, quedando su cuenta en cero (0) puntos.<\/li>\n<li>Al canjearse un Beneficio se imputar\u00e1n los puntos vigentes m\u00e1s antiguos en primer lugar. La utilizaci\u00f3n de puntos para el canje por un Beneficio no implica la extensi\u00f3n de la vigencia de los puntos remanentes, conservando \u00e9stos la vigencia original relacionada con su fecha de generaci\u00f3n.<\/li>\n<\/ol>\n<p><strong>4)\u00a0 Escalas de puntos y niveles de regalos.<\/strong><\/p>\n<ol>\n<li>El cliente recibir\u00e1 1 (uno) punto por cada $ 3,50 (pesos tres con cincuenta centavos) de compra efectuada en los Comercios Adheridos.<\/li>\n<li>El Organizador se reserva el derecho de modificar la cantidad de puntos necesaria para acceder a los Beneficios, asumiendo el compromiso de anunciarlo adecuadamente en las sucursales de los Comercios. Los Beneficios se encuentran sujetos a disponibilidad de stock al momento de su reclamo.<\/li>\n<\/ol>\n<p><strong>5)\u00a0 Per\u00edodo en el que se puede acumular puntos.<\/strong><\/p>\n<ol>\n<li>Desde que el Socio Titular tiene habilitada su credencial hasta que el Organizador lo determine.<\/li>\n<li>Los puntos que cada titular obtenga \u00a0y acumule tendr\u00e1n una vigencia y validez m\u00e1xima de 18 (dieciocho) meses a contar desde la fecha en que hayan sido obtenidos los puntos respectivos. Los puntos cuya acreditaci\u00f3n haya sido otorgada con 18 (dieciocho) meses de antelaci\u00f3n al finalizar cada mes, perder\u00e1n su valor y vigencia, los mismos ser\u00e1n cancelados y reducidos de la cuenta del titular de la tarjeta, sin derecho a reclamo alguno por parte del mismo.<\/li>\n<\/ol>\n<p><strong>6)\u00a0 Para qu\u00e9 se pueden utilizar los puntos acumulados.<\/strong><\/p>\n<ol>\n<li>Los puntos pueden ser canjeados por Beneficios (ver listado u\/o cat\u00e1logo de Beneficios en los locales Arco Iris de la Rep\u00fablica Argentina). Al acumular el puntaje correspondiente a un determinado nivel de Beneficio el Socio Titular podr\u00e1 canjearlos por un Beneficio continuar acumulando puntos dentro de la vigencia indicada en el punto 3) \u201cVigencia de la acumulaci\u00f3n de puntos\u201d, precedente.<\/li>\n<li>Los Beneficios ser\u00e1n comunicados mediante l\u00e1minas informativas en los locales de supermercados Arco Iris de la Rep\u00fablica Argentina, y en el Sitio Web.<\/li>\n<li>El saldo de puntos luego de canjeado un Beneficio, ser\u00e1 el total de puntos obtenidos menos los necesarios para acceder a dicho Beneficio.<\/li>\n<\/ol>\n<p><strong>7)\u00a0 C\u00f3mo controlar los puntos acumulados.<\/strong><\/p>\n<ol>\n<li>En el ticket correspondiente a cada compra, donde se encontrar\u00e1 el puntaje generado por la misma y el total de puntos acumulados, en los locales Arco Iris \u00f3 via online en www.puntospremiumplus.com . En el caso de que existieran diferencias entre los puntos acumulados en la cuenta de un Socio Titular y\/o que el Socio Titular considera tener acumulados, se realizar\u00e1 una revisi\u00f3n detallada de todos los comprobantes presentados por el Socio Titular en cualquier local Arco Iris de la Rep\u00fablica Argentina; por esta raz\u00f3n todos los tickets de compra contendr\u00e1n las claves necesarias para la identificaci\u00f3n de las operaciones efectuadas y el origen de las mismas.<\/li>\n<li>Ser\u00e1 responsabilidad exclusiva de los Adherentes el conservar los tickets de cada compra; en caso de no contar con esta documentaci\u00f3n para respaldar un reclamo, se dar\u00e1 por v\u00e1lida la informaci\u00f3n proveniente del Programa Premium Plus.<\/li>\n<\/ol>\n<p><strong>8)\u00a0 C\u00f3mo canjear puntos por Beneficios.<\/strong><\/p>\n<ol>\n<li>Para el canje de puntos por los bienes tangibles listados u\/o cat\u00e1logo en los locales Arco Iris, u \u00f3rdenes de compra en Comercios Adheridos (\u201cBien\/es\u201d), el Socio Titular de la cuenta deber\u00e1 presentarse personalmente en cualquier local Arco Iris de la Rep\u00fablica Argentina, con su credencial y Documento Nacional de Identidad. El Socio Titular de la cuenta deber\u00e1 firmar el formulario de \u00abRetiro de Bienes\u00bb y entregarlo en el local Arco Iris presentando simult\u00e1neamente su credencial del Programa Premium Plus y su documento de identidad. El Bien requerido le ser\u00e1 entregado en el local Arco Iris en que lo hubiese solicitado, a los siete (7) d\u00edas de efectuada dicha solicitud, de Lunes a Domingo, de 8:00 a 21:00 horas.<\/li>\n<\/ol>\n<p><strong>10)\u00a0 Los Beneficios.<\/strong><\/p>\n<ol>\n<li>Los Beneficios se encuentran sujetos a disponibilidad y ser\u00e1n entregados hasta el agotamiento de su stock.<\/li>\n<li>Los Beneficios consistentes en Bienes podr\u00e1n ser cambiados en los locales Arco Iris de Argentina, por otros iguales, en caso de tener alguna falla, dentro de las 72 hs. de hecho el canje primitivo, para lo cual deber\u00e1 requerirse la presencia del encargado del Programa Premium Plus. Pasado este tiempo rige la garant\u00eda establecida en la ley 24.240, de Defensa del Consumidor.<\/li>\n<li>El Organizador declina expresamente cualquier tipo de responsabilidad sobre las consecuencias que pudieren generarse por la incorrecta utilizaci\u00f3n de los Beneficios.<\/li>\n<li>El Organizador podr\u00e1 variar los Beneficios ofrecidos durante la vigencia del Programa Premium Plus al agotarse el stock disponible de cada uno de ellos.<\/li>\n<li>Los Beneficios no ser\u00e1n canjeados por dinero o por otros Beneficios.<\/li>\n<\/ol>\n<p><strong>11)\u00a0 P\u00e9rdida de la condici\u00f3n de Socio<\/strong><\/p>\n<ol>\n<li>El abuso o uso indebido de los elementos del Programa Premium Plus, el incumplimiento de lo establecido en el presente Reglamento o el fraude producir\u00e1 la baja autom\u00e1tica de los Adherentes al Programa incluyendo a los Socios Titulares, sin derecho a reclamo respecto de puntos acumulados y sin perjuicio del ejercicio de las acciones legales que pudieran corresponder al Organizador. Se entender\u00e1 que existe fraude cuando se acumulen o se pretendan acumular puntos a favor de la cuenta de una tarjeta Premium Plus sin que el titular de ella o su adicional hayan efectivamente realizado compras.<\/li>\n<\/ol>\n<p><strong>12)\u00a0 Consideraciones Generales.<\/strong><\/p>\n<ol>\n<li>La participaci\u00f3n en el Programa Premium Plus est\u00e1 sujeta a los t\u00e9rminos y condiciones establecidos por el Organizador.<\/li>\n<li>La credencial identificadora de los Adherentes al Programa Premium Plus es de uso personal e intransferible. El personal del Organizador podr\u00e1 solicitar otro tipo de documentaci\u00f3n personal que permita corroborar la identidad invocada por el portador de una credencial del Programa Premium Plus, en todas las ocasiones que lo considere necesario.<\/li>\n<li>La tarjeta identificadora de los Adherentes al Programa Premium Plus sirve simplemente como acreditaci\u00f3n de la membres\u00eda del Adherente al Programa Premium Plus; no es una tarjeta de pago, de cr\u00e9dito, de identidad, ni puede ser utilizada para fines ajenos al Programa Premium Plus. En caso de deterioro, perdida, robo o extrav\u00edo de la tarjeta identificatoria, los Adherentes deber\u00e1n dar aviso al Organizador pudiendo en ese momento solicitar una reposici\u00f3n. El tr\u00e1mite de reposici\u00f3n se podr\u00e1 llevar adelante en cualquier local Arcoiris del pa\u00eds.<\/li>\n<li>Las condiciones establecidas en este Reglamento pueden ser variadas total o parcialmente por parte del Organizador. El Organizador podr\u00e1, en cualquier momento, incorporar o excluir\u00a0Comercios de Compras participantes del Programa. Tales modificaciones ser\u00e1n anunciadas adecuadamente y con una anticipaci\u00f3n razonable.<\/li>\n<li>La actividad del Programa Premium Plus cesar\u00e1, provisoria o definitivamente, por la sola circunstancia de que el Organizador as\u00ed lo decida y lo comunique p\u00fablicamente en los Comercios con anticipaci\u00f3n razonable, debiendo en tal caso los Adherentes canjear sus puntos en el plazo que al efecto se indique.<\/li>\n<li>\u00c1mbito de Aplicaci\u00f3n: Casilda 1240 \u2013 San Mart\u00edn 5971 \u2013 Cerrito y Ayacucho \u2013 Av. Jorge Newbety y Av. Real &#8211; Rosario Pcia. Santa Fe \/ Ruta 33 y Roque P\u00e9rez\u00a0 &#8211; P\u00e9rez Pcia. Santa Fe. \/ L. de la Torre y San Mart\u00edn &#8211; Arroyo Seco Pcia. Santa Fe\u00a0 \/ San Jos\u00e9 1845 &#8211; Funes Pcia. Santa Fe \/ Belgrano 532 &#8211; G\u00e1lvez Pcia. Santa Fe \/ 9 de Julio y Bv. Colon -Totoras Pcia. Santa Fe \/ San Mart\u00edn 601 &#8211; General Lagos Pcia. Santa Fe \/ Bernardo Houssay y Jos\u00e9 Hern\u00e1ndez &#8211; Funes. Pcia. Santa Fe.<\/li>\n<li>Si se operase el cese de una etapa y el Socio Titular no hubiera hecho valer sus derechos reclamando y retirando el Beneficio correspondiente a los puntos acumulados, caducar\u00e1 y perder\u00e1 su derecho a hacerlo en lo sucesivo y no podr\u00e1 solicitar ning\u00fan tipo de compensaci\u00f3n ni indemnizaci\u00f3n. El s\u00f3lo hecho de participar en el Programa Premium Plus implica la aceptaci\u00f3n incondicional de todas las condiciones contenidas en este Reglamento.<\/li>\n<li><strong>\u00a0<\/strong>El Adherente presta su conformidad para la informaci\u00f3n que ha brindado en la solicitud sea utilizada por NUEVO PREMIUM S.A con fines comerciales.<\/li>\n<\/ol>\n<p><strong>13)\u00a0 Tramites especiales.<\/strong><\/p>\n<ol>\n<li>En caso de fallecimiento del Socio Titular, no existiendo al momento del suceso Socio Adicional declarado, los puntos acumulados y\/o los beneficios canjeados quedaran a disposici\u00f3n del Organizador.<\/li>\n<\/ol>\n<p><strong>14)\u00a0 Tratamiento de datos personales.<\/strong><\/p>\n<ol>\n<li><strong>\u00a0<\/strong>Los Adherentes, al momento de presentar la solicitud de adhesi\u00f3n al Programa, prestan su consentimiento libre y expreso para que el Organizador: i)almacene los datos en una base de datos registrada a nombre de NUEVO PREMIUM S.A. ubicada en Pav\u00f3n 4928, Rosario, Provincia de Santa Fe, con domicilio legal en L. de la torre y San Martin, Arrroyo Seco, Provincia de Santa Fe \u00a0ii) utilice esos datos como informaci\u00f3n de contacto para realizar acciones de comunicaci\u00f3n y marketing, para enviar informaci\u00f3n de productos y\/o servicios de los supermercados Arco iris siendo el \u00fanico y exclusivo responsable de la veracidad y exactitud de la informaci\u00f3n que suministr\u00f3; y que los mantendr\u00e1 indemnes de las consecuencias de cualquier reclamo de terceros con relaci\u00f3n a o con motivo del suministro de informaci\u00f3n personal.<\/li>\n<li><strong>\u00a0<\/strong>La informaci\u00f3n personal ser\u00e1 objeto de tratamiento automatizado en la base de datos precedentemente mencionada de conformidad con las normas legales vigentes en la materia.<\/li>\n<li>Los Adherentes podr\u00e1n solicitar al Organizador la actualizaci\u00f3n, rectificaci\u00f3n o supresi\u00f3n de su respectiva informaci\u00f3n personal en la base de datos. A tales fines, podr\u00e1n comunicarse con NUEVO PREMIUM S.A a trav\u00e9s del siguiente n\u00famero de tel\u00e9fono: 0341-466- 7227. La provisi\u00f3n de la informaci\u00f3n personal por parte de los Adherentes es voluntaria, sin prejuicio de ser un requisito necesario para la activaci\u00f3n de la tarjeta Premium Plus. En caso que el Adherente solicitare la supresi\u00f3n de su informaci\u00f3n personal antes de recibir el Beneficio del Programa, perder\u00e1 el derecho al mismo.<\/li>\n<li><strong>\u00a0<\/strong>\u00abEl titular de los datos personales tiene la facultad de ejercer el derecho de acceso a los mismos en forma gratuita a intervalos no inferiores a seis meses, salvo que se acredite un inter\u00e9s leg\u00edtimo al efecto, conforme lo establecido en el art\u00edculo 14, inciso 3 de la Ley N\u00ba 25.326&#8243;. \u201cLa AGENCIA DE ACCESO A LA INFORMACI\u00d3N P\u00daBLICA, \u00d3rgano de Control de la Ley N\u00b0 25.326, tiene la atribuci\u00f3n de atender las denuncias y reclamos que se interpongan con relaci\u00f3n al incumplimiento de las normas sobre protecci\u00f3n de datos personales\u00bb.<\/li>\n<li>LEY 25.326 &#8211; ART. 27 &#8211; INC. 3: \u201cEl titular podr\u00e1 en cualquier momento solicitar el retiro o bloqueo de su nombre de los bancos de datos a los que se refiere el presente art\u00edculo\u201d. DECRETO 1158\/01 &#8211; ART. 27 &#8211; 3er.P\u00e1rrafo: \u00abEn toda comunicaci\u00f3n con fines de publicidad que se realice por correo, tel\u00e9fono, correo electr\u00f3nico, Internet u otro medio a distancia a conocer, se deber\u00e1 indicar, en forma expresa y destacada, la posibilidad del titular del dato de solicitar el retiro o bloqueo, total o parcial, de su nombre de la base de datos. A pedido del interesado, se deber\u00e1 informar el nombre del responsable o usuario del banco de datos que provey\u00f3 la informaci\u00f3n\u00bb.<\/li>\n<\/ol>\n<\/div>\n<\/div>\n\n\n","protected":false},"excerpt":{"rendered":"<p>\u00a1Conoc\u00e9 nuestro nuevo portal de beneficios!\u00a0 www.puntospremiumplus.com No m\u00e1s tarjetas pl\u00e1sticas. Solamente dictando tu n\u00famero de DNI al momento de [&hellip;]<\/p>\n","protected":false},"author":1,"featured_media":0,"parent":0,"menu_order":0,"comment_status":"closed","ping_status":"closed","template":"","meta":{"om_disable_all_campaigns":false,"_monsterinsights_skip_tracking":false,"_monsterinsights_sitenote_active":false,"_monsterinsights_sitenote_note":"","_monsterinsights_sitenote_category":0,"_uf_show_specific_survey":0,"_uf_disable_surveys":false,"footnotes":""},"class_list":["post-3592","page","type-page","status-publish","hentry"],"aioseo_notices":[],"_links":{"self":[{"href":"https:\/\/supermercadosarcoiris.com\/site\/wp-json\/wp\/v2\/pages\/3592","targetHints":{"allow":["GET"]}}],"collection":[{"href":"https:\/\/supermercadosarcoiris.com\/site\/wp-json\/wp\/v2\/pages"}],"about":[{"href":"https:\/\/supermercadosarcoiris.com\/site\/wp-json\/wp\/v2\/types\/page"}],"author":[{"embeddable":true,"href":"https:\/\/supermercadosarcoiris.com\/site\/wp-json\/wp\/v2\/users\/1"}],"replies":[{"embeddable":true,"href":"https:\/\/supermercadosarcoiris.com\/site\/wp-json\/wp\/v2\/comments?post=3592"}],"version-history":[{"count":12,"href":"https:\/\/supermercadosarcoiris.com\/site\/wp-json\/wp\/v2\/pages\/3592\/revisions"}],"predecessor-version":[{"id":4367,"href":"https:\/\/supermercadosarcoiris.com\/site\/wp-json\/wp\/v2\/pages\/3592\/revisions\/4367"}],"wp:attachment":[{"href":"https:\/\/supermercadosarcoiris.com\/site\/wp-json\/wp\/v2\/media?parent=3592"}],"curies":[{"name":"wp","href":"https:\/\/api.w.org\/{rel}","templated":true}]}}